{"id":455,"date":"2013-11-19T20:06:16","date_gmt":"2013-11-19T19:06:16","guid":{"rendered":"http:\/\/talakademin.nu\/?page_id=455"},"modified":"2026-02-16T20:10:09","modified_gmt":"2026-02-16T19:10:09","slug":"kontakta-oss","status":"publish","type":"page","link":"https:\/\/talakademin.nu\/index.php\/kontakta-oss\/","title":{"rendered":"Kontakta oss"},"content":{"rendered":"\n<p>Kontakta g\u00e4rna oss om du har fr\u00e5gor! Till exempel om du \u00e4r intresserad av att delta p\u00e5 en kurs. T\u00e4nk p\u00e5 att vi \u00e4r en ideell f\u00f6rening och vi arbetar inte heltid med detta. Det kan d\u00e4rf\u00f6r ta n\u00e5gon dag innan du f\u00e5r svar. Var noga med att skriva in din e-postadress s\u00e5 att vi kan svara. Skriv ocks\u00e5 g\u00e4rna i vilken stad du bor s\u00e5 vi vet vilket kommande arrangemang som kan vara mest intressant f\u00f6r dig.<\/p>\n\n\n\n<div class=\"wpcf7 no-js\" id=\"wpcf7-f4607-o1\" lang=\"sv-SE\" dir=\"ltr\" data-wpcf7-id=\"4607\">\n<div class=\"screen-reader-response\"><p role=\"status\" aria-live=\"polite\" aria-atomic=\"true\"><\/p> <ul><\/ul><\/div>\n<form action=\"\/index.php\/wp-json\/wp\/v2\/pages\/455#wpcf7-f4607-o1\" method=\"post\" class=\"wpcf7-form init\" aria-label=\"Kontaktformul\u00e4r\" novalidate=\"novalidate\" data-status=\"init\">\n<fieldset class=\"hidden-fields-container\"><input type=\"hidden\" name=\"_wpcf7\" value=\"4607\" \/><input type=\"hidden\" name=\"_wpcf7_version\" value=\"6.1.5\" \/><input type=\"hidden\" name=\"_wpcf7_locale\" value=\"sv_SE\" \/><input type=\"hidden\" name=\"_wpcf7_unit_tag\" value=\"wpcf7-f4607-o1\" \/><input type=\"hidden\" name=\"_wpcf7_container_post\" value=\"0\" \/><input type=\"hidden\" name=\"_wpcf7_posted_data_hash\" value=\"\" \/>\n<\/fieldset>\n<p><label> Ditt namn<br \/>\n<span class=\"wpcf7-form-control-wrap\" data-name=\"your-name\"><input size=\"40\" maxlength=\"400\" class=\"wpcf7-form-control wpcf7-text wpcf7-validates-as-required\" autocomplete=\"name\" aria-required=\"true\" aria-invalid=\"false\" value=\"\" type=\"text\" name=\"your-name\" \/><\/span> <\/label>\n<\/p>\n<p><label> Din e-post<br \/>\n<span class=\"wpcf7-form-control-wrap\" data-name=\"your-email\"><input size=\"40\" maxlength=\"400\" class=\"wpcf7-form-control wpcf7-email wpcf7-validates-as-required wpcf7-text wpcf7-validates-as-email\" autocomplete=\"email\" aria-required=\"true\" aria-invalid=\"false\" value=\"\" type=\"email\" name=\"your-email\" \/><\/span> <\/label>\n<\/p>\n<p><label> \u00c4mne<br \/>\n<span class=\"wpcf7-form-control-wrap\" data-name=\"your-subject\"><input size=\"40\" maxlength=\"400\" class=\"wpcf7-form-control wpcf7-text wpcf7-validates-as-required\" aria-required=\"true\" aria-invalid=\"false\" value=\"\" type=\"text\" name=\"your-subject\" \/><\/span> <\/label>\n<\/p>\n<p><label> Ditt meddelande till oss<br \/>\n<span class=\"wpcf7-form-control-wrap\" data-name=\"your-message\"><textarea cols=\"40\" rows=\"10\" maxlength=\"2000\" class=\"wpcf7-form-control wpcf7-textarea wpcf7-validates-as-required\" aria-required=\"true\" aria-invalid=\"false\" name=\"your-message\"><\/textarea><\/span> <\/label>\n<\/p>\n<p><input class=\"wpcf7-form-control wpcf7-submit has-spinner\" type=\"submit\" value=\"Skicka\" \/>\n<\/p><div class=\"wpcf7-response-output\" aria-hidden=\"true\"><\/div>\n<\/form>\n<\/div>\n\n\n\n\n<p><strong>Vi svarar s\u00e5 fort vi kan, f\u00f6rhoppningsvis inom n\u00e5gra dagar!<\/strong><\/p>\n\n\n\n<p><\/p>\n","protected":false},"excerpt":{"rendered":"<p>Kontakta g\u00e4rna oss om du har fr\u00e5gor! Till exempel om du \u00e4r intresserad av att delta p\u00e5 en kurs. T\u00e4nk p\u00e5 att vi \u00e4r en ideell f\u00f6rening och vi arbetar inte heltid med detta. Det kan d\u00e4rf\u00f6r ta n\u00e5gon dag innan du f\u00e5r svar. Var noga med att skriva in din e-postadress s\u00e5 att vi [&hellip;]<\/p>\n","protected":false},"author":1,"featured_media":0,"parent":0,"menu_order":0,"comment_status":"closed","ping_status":"closed","template":"","meta":{"footnotes":""},"class_list":["post-455","page","type-page","status-publish","hentry"],"_links":{"self":[{"href":"https:\/\/talakademin.nu\/index.php\/wp-json\/wp\/v2\/pages\/455","targetHints":{"allow":["GET"]}}],"collection":[{"href":"https:\/\/talakademin.nu\/index.php\/wp-json\/wp\/v2\/pages"}],"about":[{"href":"https:\/\/talakademin.nu\/index.php\/wp-json\/wp\/v2\/types\/page"}],"author":[{"embeddable":true,"href":"https:\/\/talakademin.nu\/index.php\/wp-json\/wp\/v2\/users\/1"}],"replies":[{"embeddable":true,"href":"https:\/\/talakademin.nu\/index.php\/wp-json\/wp\/v2\/comments?post=455"}],"version-history":[{"count":2,"href":"https:\/\/talakademin.nu\/index.php\/wp-json\/wp\/v2\/pages\/455\/revisions"}],"predecessor-version":[{"id":4705,"href":"https:\/\/talakademin.nu\/index.php\/wp-json\/wp\/v2\/pages\/455\/revisions\/4705"}],"wp:attachment":[{"href":"https:\/\/talakademin.nu\/index.php\/wp-json\/wp\/v2\/media?parent=455"}],"curies":[{"name":"wp","href":"https:\/\/api.w.org\/{rel}","templated":true}]}}